ber?
False
Let t(a) = 6*a**2 - 4*a - 21. Is t(-9) prime?
False
Suppose 11*v - 2*x = 16*v - 38905, -v - 3*x = -7781. Is v composite?
True
Let n be (-153)/5 + 14/(-35). Let y = 16 - n. Is y composite?
False
Let z = 1939 - 1254. Is (36/60)/(1/z) a prime number?
False
Suppose 0*h + 4 = h. Suppose -h*i + 0*n = 4*n - 2544, -1 = -n. Is i composite?
True
Is 904701/49 + 4/(-14) a prime number?
False
Let n = 30324 - 2377. Is n composite?
False
Suppose 0 = 4*h + h + 4*j - 33, 2*j + 11 = 3*h. Suppose r = h*r - 4. Is (0 - r)*(-53 - -2) a prime number?
False
Let k(q) = 858*q + 12. Let o(j) = -3430*j - 49. Let n(d) = 21*k(d) + 5*o(d). Is n(3) prime?
False
Let i(a) = -a**3 + 4*a**3 - a - 3*a**2 - 2*a**3 - 2*a + 10. Let h be i(7). Suppose -2*z - h = -7*z. Is z a composite number?
False
Let z(k) = k**3 + 2*k - 6. Let t be z(2). Suppose t*n - 309 - 837 = 0. Is n a composite number?
False
Suppose 0 = 26*d - 703882 - 625732. Is d prime?
False
Let a(k) = -4*k + 18 + k**3 - 4*k - 8 - 7 - 2*k**2. Is a(8) prime?
False
Let h be (-10 + 7)/(0 - 1). Let m(f) = 0*f**h - 8 + f**3 + 3*f**2 + 13*f - 4*f**2. Is m(11) prime?
False
Let n(y) = y**3 - 3*y**2 - 9*y - 1. Let m be n(7). Let b(z) = 6 - 9 + m*z - 45*z. Is b(6) a composite number?
True
Let m(c) = 296*c - 9. Let q(a) = a - 5. Let f be q(8). Is m(f) prime?
False
Is ((-70)/21)/(-5)*24441/2 a prime number?
True
Let q = 16175 + -388. Is q composite?
False
Let o = 950 + 1383. Is o prime?
True
Suppose -g - 4*g + 4*w + 23875 = 0, -4754 = -g + 5*w. Let a = -2662 + g. Is a a prime number?
False
Suppose -2*j = 7 + 7. Let k(b) = -6*b + 17. Is k(j) a prime number?
True
Let g(f) = -15*f**2 - 102*f - 5. Let y be g(-6). Let r be -14*10/28*-12. Let c = r + y. Is c a prime number?
True
Suppose -l = -232 - 30. Let z = 667 + l. Is z a prime number?
True
Let i(z) = z**2 - 2*z - 17. Let t be i(7). Is (-5056)/(-3) + ((-60)/t)/10 a prime number?
False
Let c(a) be the first derivative of a**4/4 - 10*a**3/3 - 15*a**2/2 - 9*a - 7. Is c(13) prime?
False
Suppose 2*u + 2144 = 4*u. Suppose 5*d + 2*g = g + u, -3*g - 9 = 0. Is d a composite number?
True
Let v = 3577 + -1069. Suppose -3*a = -2463 - v. Is a a prime number?
True
Is ((-46)/76 - (-36)/342)*-26126 composite?
False
Suppose 3*t + 3 + 12 = 0, -5*h + 2420 = t. Is h prime?
False
Let z(g) = g**2 + g. Let f(t) = -4*t**2 - 8*t + 15. Let k(o) = -f(o) - 3*z(o). Is k(9) a composite number?
True
Let h(f) = -28*f + 10. Let l = 28 - 16. Suppose 0*q = 4*v + 3*q + 27, -3*q - l = -v. Is h(v) a composite number?
True
Let s be 10471/2 + 51/34. Suppose m + 0*w + w = 1743, 3*m + 5*w = s. Is m prime?
False
Let i(q) be the second derivative of q**4/6 + 2*q**3/3 + q**2/2 + 8*q. Is i(-3) composite?
False
Suppose 17 = 2*z + 7. Let p = 2 - -2. Suppose 3*u = -2*u - i + 442, -p*i = z*u - 433. Is u composite?
False
Let r(u) = -u**3 + 8*u**2 - 13*u + 8. Let o be r(6). Let a = 21990 - 15022. Suppose o*d - 1952 = 2*j, -3*j + a = 5*d + 2112. Is d prime?
False
Suppose -14*y - 41188 = -16*y. Let w = 32643 - y. Is w a prime number?
True
Let s(t) = 4*t**2 + 2*t - 7. Let k be 0 - 3/((-12)/20). Is s(k) a prime number?
True
Suppose -389 - 8419 = 6*o. Let v = -881 - o. Is v composite?
False
Suppose -31 = -5*b + 4*u - 6, -12 = -3*b + 3*u. Let y = 13 - b. Suppose -y = -f + 3. Is f prime?
True
Suppose -236 = -g - 3*g + 4*d, -2*d - 181 = -3*g. Suppose -3*b - 59 = -2*l, 5*l - l + 5*b = g. Let j = 15 + l. Is j a prime number?
True
Let q(v) = 3*v**2 + v - 5. Suppose 8 = -0*n - 4*n. Let p be (n - -1)/(1/4). Is q(p) prime?
False
Suppose -4*w + 40 = -5*n, -2*w + n + 34 = 2*n. Let m be -6*((-50)/3 - -1). Let q = w + m. Is q a composite number?
False
Let m(t) = t**3 + 13*t**2 - 5*t - 10. Let k be m(-9). Is 1 + k*(0 - -4) prime?
False
Let k be 2/5 - 520/50. Let v be (16/k)/(4/(-10)). Let f(h) = 3*h**3 + 2*h**2 + 2*h + 3. Is f(v) prime?
False
Let t(p) = p + 5. Let q be t(-6). Let x(u) = -113*u + 14. Is x(q) a prime number?
True
Suppose -11*r = 3*l - 10*r - 180038, -2*l + 120023 = 3*r. Is l a composite number?
False
Let c(w) = w. Let z be c(1). Is 1 + 2 + z + 675 composite?
True
Is (-944682)/(-14) + 42/(-147) a composite number?
False
Is (-18303)/(-2) + (-54)/108 a prime number?
True
Let w(z) = -13*z + 18. Let n(f) = -6*f + 9. Let d(u) = 7*n(u) - 4*w(u). Let g be d(-4). Let j = g - -98. Is j prime?
False
Let j = 29 - 15. Is -11*(1 + j)/(-5) a prime number?
False
Let z(u) = -u**3 + 3*u**2 + 3*u - 4. Let n be z(3). Let w be 4 + -1 - 5/n. Suppose -2*d - 2*m = -230, -4*m + w*m - 365 = -3*d. Is d a composite number?
True
Let q(i) = -1500*i - 319. Is q(-52) a prime number?
True
Is (35 - 1)/((2/(-37))/(-1)) a composite number?
True
Let z(y) = 124*y + 21. Let f(a) = -62*a - 11. Let j(t) = -t**3 - 14*t**2 + 6. Let x be j(-14). Let k(b) = x*z(b) + 13*f(b). Is k(-8) a composite number?
False
Suppose 5*o + 124224 = 4*v, -2*v + 72771 = -5*o + 10649. Is v a composite number?
False
Suppose -207*c = -256*c + 191443. Is c composite?
False
Suppose 3428709 = 76*g - 6737735. Is g a prime number?
True
Let q = 6327 - -115890. Is q composite?
True
Suppose -4*z - 4 = 0, z - 349 = -p + 5*z. Suppose n + 2*n - p = 0. Is n a prime number?
False
Let s be (-20)/130 + (-8110)/13. Let y = 1017 + s. Let p = -278 + y. Is p prime?
False
Let n(k) = k**3 + 8*k**2 - 4*k. Let u(o) = o. Let b be u(3). Suppose x = 4*x + 3*j + 18, -22 = 5*x - b*j. Is n(x) a composite number?
True
Let v = 99 - 1093. Let d = v + 1617. Is d a composite number?
True
Let o(a) be the first derivative of -a**3/3 - 2*a**2 + 5*a + 3. Let b be o(-4). Suppose b*t = 6*t - 65. Is t composite?
True
Let s = 1318 - 2288. Let p = s + 1389. Is p composite?
False
Let i = 15 - 9. Let u(m) = 6 + m**3 - 22*m**2 + 5 - 4*m + 7*m**2 + 11*m**2. Is u(i) a composite number?
False
Suppose g - 3*i = 2*i - 129, 0 = -i - 1. Is (-8 - -36)*g/(-8) a composite number?
True
Suppose -v = v - q - 557, 3*v = -5*q + 855. Suppose -2*a = -7*a - v. Let m = 114 + a. Is m composite?
True
Let b(p) be the third derivative of 19*p**4/3 - 5*p**3/6 + 4*p**2. Let l be b(3). Suppose -3*o + w = -l, -455 = -2*o - 3*w - 169. Is o prime?
True
Suppose -2042 - 9684 = -11*k. Suppose -k = -6*z + 1628. Is z a composite number?
False
Let u(i) = 157*i. Suppose -11 = -3*t - 8. Let k be u(t). Is (1 - (4 + -7)) + k prime?
False
Suppose d + 10 = -3*i, 0 = -2*i - 0*d + 3*d - 3. Let k = i + 1064. Is k prime?
True
Suppose 2*l - 225 = -5*o, -8 = -5*o + 3*l + 217. Is 4658/18 - (-10)/o a composite number?
True
Let z be (-10)/5 - ((0 - -5) + 1). Let n(w) = -w**3 - w**2 + 11*w - 5. Is n(z) composite?
True
Let y be -3*(-69)/1*1. Suppose -4*d + 769 + 155 = 4*a, a - 5*d - y = 0. Let r = a - 148. Is r composite?
False
Let y(o) = o - 1. Let c(q) = 4*q - 9. Let g(m) = c(m) - 6*y(m). Let p be g(-3). Suppose -5*d = -p*a - 3952, 0*a - 793 = -d - 2*a. Is d a prime number?
False
Let l(v) = 5*v**3 - 3*v**2 - 5. Let x be (-16)/(-20)*(-5)/(-2). Suppose x*b + 29 = 4*q + 3, 5*q = 5*b + 45. Is l(q) composite?
True
Let t = -1718 + 3757. Is t a composite number?
False
Let v(k) = -53*k - 3 - 16 + 12*k. Let l(d) = 40*d + 19. Let s(f) = -6*l(f) - 5*v(f). Is s(-16) composite?
False
Let a(u) = 50*u - 5. Let l be a(-6). Let w = 385 - 1357. Let s = l - w. Is s a composite number?
True
Suppose 468*u + 25786 = 470*u. Is u composite?
False
Let h(f) = -12*f - 7. Let i(a) = -a**2 + 7*a - 1 + 14 + 0*a**2. Let k be i(9). Is h(k) a composite number?
False
Is 3/(-10) + 6148203/510 prime?
False
Suppose 4*i + 3 - 15 = 0. Suppose 0 = i*l + 8 - 2. Is l/4 - (-186)/4 a prime number?
False
Suppose 30*o - 79362 = 24*o. Is o a composite number?
True
Is 98321/13 + 3144/(-156) + 20 prime?
False
Let b = 2709 - 1614. Is 1*9*b/45 prime?
False
Let p be (3 + (-9 - -4))*-2. Let y be 8/(-10)*40/(-16). Suppose -p*w - 430 = -y*f, 2*f - w - 4*w - 432 = 0. Is f composite?
False
Suppose 1499 = 15*l - 91. Is l a composite number?
True
Suppose 0 = -2*l - 4*d + 16, -5*l + 3 = -2*l - d. Let g be l + (-6)/(-3) + 3. Suppose 4*m - g*m = 4*b - 3641, -m + 1213 = b. Is m composite?
True
Suppose 0 = -3*l - 66 + 2409. Suppose -l = -4*h + 231. Is h prime?
False
Suppose -2*s + 1923 = 3*f - 2017, -s + f + 1975 = 0. Is s prime?
True
Suppose 0 = 11*b + b - 10896. Let l = b - 277. Is l prime?
True
Suppose 8 - 3 = 5*p. Suppose -p = 2*w + 3. Is w/(-6)